30312
In base 11, what is -729 + 97073?
96445
In base 16, what is 5 - b4588?
-b4583
In base 11, what is 1756 + -19691?
-17a36
In base 4, what is 133010233 - -203?
133011102
In base 7, what is 0 - 620144?
-620144
In base 3, what is 10011112 + -10012122100?
-10002110211
In base 7, what is 1463 - -334351?
336144
In base 7, what is -641663 + -6153?
-651146
In base 4, what is 31111203303110 + 10?
31111203303120
In base 9, what is -2253882043 + 1?
-2253882042
In base 6, what is 50315533315 + 5?
50315533324
In base 11, what is -81050 + -7?
-81057
In base 16, what is -33b11a - f?
-33b129
In base 8, what is 45657 - -10535?
56414
In base 4, what is 1131222301 + 201?
1131223102
In base 16, what is -3 - -869eb79?
869eb76
In base 13, what is -2b850476 - -3?
-2b850473
In base 7, what is -4610104 - -1305?
-4605466
In base 14, what is 62826 + 3d?
62865
In base 16, what is -181600 + 4?
-1815fc
In base 11, what is 605 - -372009?
372613
In base 11, what is 13 + 78350?
78363
In base 3, what is -202010111101111 + -1?
-202010111101112
In base 13, what is -370a3 - -3a4?
-369cc
In base 8, what is -360204003 + -3?
-360204006
In base 2, what is -1010001111011101001 + -100000011?
-1010001111111101100
In base 15, what is 2d56 - -b55?
39ab
In base 7, what is 20153301462 + 4?
20153301466
In base 9, what is 51876 + -8374?
42502
In base 16, what is e037f - -2a7?
e0626
In base 14, what is 7 + -7238875?
-723886c
In base 4, what is 1030030 + 1320320?
3011010
In base 8, what is -1007706 + -5?
-1007713
In base 11, what is -5 - 1457866?
-1457870
In base 4, what is 22 - 2202133123?
-2202133101
In base 13, what is -1708aa5 + -5?
-1708aaa
In base 5, what is 2044240444 + 4?
2044241003
In base 9, what is 7560 + 18601?
27261
In base 7, what is 0 - 15644660?
-15644660
In base 3, what is -210 + -12200111222?
-12200112202
In base 16, what is 1 - c25dd?
-c25dc
In base 14, what is -6 - 6bb51?
-6bb57
In base 5, what is 340 - 301023?
-300133
In base 15, what is -7ec22 + -45?
-7ec67
In base 8, what is 1 - 570224214?
-570224213
In base 11, what is -1468355 - 4?
-1468359
In base 11, what is 66256 - -5?
66260
In base 10, what is -163 - 24470?
-24633
In base 9, what is -73 - -1177854?
1177771
In base 4, what is 1 - -10101013?
10101020
In base 14, what is -58676 + 0?
-58676
In base 13, what is -c07 + a8?
-b2c
In base 16, what is -175a + -5fb?
-1d55
In base 8, what is -166256 + 11?
-166245
In base 15, what is 2906981c - 2?
2906981a
In base 14, what is -1573 + 6d54?
57c1
In base 16, what is -b862 + 1671?
-a1f1
In base 8, what is 46423 + 1164?
47607
In base 3, what is 20 - -120021112211200?
120021112211220
In base 2, what is -1100000 - -100101000000111?
100100110100111
In base 9, what is -7 + 176847?
176840
In base 6, what is 52515150 - -215?
52515405
In base 2, what is -111010101 + 110000001010110011?
110000000011011110
In base 6, what is 414224240 - -44?
414224324
In base 15, what is -daac + 2a?
-da82
In base 15, what is 223b4793 + 5?
223b4798
In base 2, what is -100011011110001 - 1011110100101?
-101111010010110
In base 15, what is -3337e3 - -5?
-3337dd
In base 3, what is -2222002001201121 - -12?
-2222002001201102
In base 16, what is -b - 2f299a?
-2f29a5
In base 11, what is 7a93a + 3110?
82a4a
In base 16, what is -2 - 4d5f75?
-4d5f77
In base 7, what is 110 + -1663210?
-1663100
In base 11, what is -1a44 + 31748?
2a804
In base 16, what is -a10730a + 4?
-a107306
In base 2, what is -10101 - -100010010100011?
100010010001110
In base 9, what is -806 - -1538176?
1537270
In base 13, what is 3 - -113a205?
113a208
In base 13, what is -1a + 1518bbc?
1518ba2
In base 12, what is 8b9a + 1b2?
9190
In base 12, what is -2 + 381483?
381481
In base 12, what is -10204 + -871?
-10a75
In base 8, what is -4 + -1406201324?
-1406201330
In base 2, what is 0 - 10010111001101110011010?
-10010111001101110011010
In base 12, what is 1868a1b + 16?
1868a35
In base 12, what is -1 - 9ba46a3?
-9ba46a4
In base 10, what is 91560 - -501?
92061
In base 15, what is -124 - 36ca17?
-36cb3b
In base 12, what is 41a6a81 + 6?
41a6a87
In base 11, what is -5805854 + -1?
-5805855
In base 9, what is -84 - -168216?
168122
In base 7, what is -3 - -204355645?
204355642
In base 5, what is 223 - 2431432?
-2431204
In base 12, what is -418 + 10332?
bb16
In base 10, what is -2 - -429333?
429331
In base 7, what is -3 + 142301564?
142301561
In base 8, what is -1 + 1266153234?
1266153233
In base 11, what is 3 + -1550266?
-1550263
In base 8, what is 400566326 - -5?
400566333
In base 7, what is 1664122236 - -5?
1664122244
In base 2, what is 101001111010100101 - 1010011101?
101001110000001000
In base 8, what is 244 - 370070?
-367624
In base 3, what is 1002221222201022201 + 0?
1002221222201022201
In base 6, what is -4534001330 + -2?
-4534001332
In base 5, what is -13 + 23040432441?
23040432423
In base 2, what is 1 + 100001001000100100011000?
100001001000100100011001
In base 2, what is 1100101010111110 + -11?
1100101010111011
In base 4, what is -3032211202212 + 10?
-3032211202202
In base 3, what is -1202002110202 - -10?
-1202002110122
In base 15, what is 390 + 23c9?
2769
In base 10, what is 4068117 - 5?
4068112
In base 14, what is b5 + -2925c1?
-29250a
In base 8, what is 6 + 4721375?
4721403
In base 8, what is -236 - -23350?
23112
In base 14, what is -461 + -11336?
-11797
In base 8, what is 2 - 76307032?
-76307030
In base 16, what is 5 - 227d280?
-227d27b
In base 11, what is 6193424 - 48?
6193387
In base 8, what is 1 - 10252046?
-10252045
In base 3, what is -200211000022 + -11022?
-200211011121
In base 4, what is -2233102001133 + 10?
-2233102001123
In base 8, what is 3442 + -12475?
-7033
In base 14, what is 458a5d + 7?
458a66
In base 4, what is 11 - 3023223321?
-3023223310
In base 8, what is 4 - 46614135?
-46614131
In base 12, what is 1081 + 36b0?
4771
In base 5, what is -10341043043 - -4?
-10341043034
In base 5, what is -3000322034 + -324?
-3000322413
In base 13, what is -32 + -9a8aaa?
-9a8b0c
In base 6, what is 10541 - -332005?
342550
In base 5, what is -4433334 + 43?
-4433241
In base 8, what is -523257677 + 6?
-523257671
In base 12, what is 1224a3 - -b?
1224b2
In base 13, what is -1b + 1260799?
126077b
In base 8, what is 4 + 57700641?
57700645
In base 6, what is 1003123 + 14444?
1022011
In base 16, what is -5 - 1417136?
-141713b
In base 13, what is -18 - -120b3bc?
120b3a4
In base 16, what is -102 + -9f93b?
-9fa3d
In base 3, what is 1200201 - 12112020102?
-12110112201
In base 3, what is -211 + 100121010100?
100121002112
In base 5, what is 31 + 32233141?
32233222
In base 10, what is -1412 - -15276?
13864
In base 7, what is 304430053 - 32?
304430021
In base 15, what is 7bd - 15e6?
-d28
In base 5, what is 10332002 + 340?
10332342
In base 15, what is -57db9 - 5d6?
-584a0
In base 15, what is -1e0 + 474e?
455e
In base 13, what is 5 - 1a13ba5?
-1a13ba0
In base 7, what is -1126 + 130264?
126135
In base 8, what is 2 - 5522177?
-5522175
In base 12, what is 2 - -464401b5?
464401b7
In base 13, what is 1 - 188a25?
-188a24
In base 3, what is -1000102200001010210 + 2?
-1000102200001010201
In base 12, what is -463983 - -b4?
-46388b
In base 2, what is -10110 + 11111010110010111100111?
11111010110010111010001
In base 5, what is -321110222440 - -10?
-321110222430
In base 13, what is 8590 - 56?
8537
In base 9, what is 3367 - 3862?
-484
In base 12, what is -223 - 74287?
-744aa
In base 7, what is -1163012 - 134?
-1163146
In base 8, what is -771 - 172252?
-173243
In base 12, what is 11 + 676b9?
6770a
In base 3, what is 1 + -11200000021002?
-11200000021001
In base 9, what is 514455 + -61?
514384
In base 7, what is -400 - 33254?
-33654
In base 11, what is -1 + -55a965?
-55a966
In base 4, what is 10020 - 302320313?
-302310233
In base 13, what is -2 + 1968457?
1968455
In base 8, what is 64 - -7205564?
7205650
In base 10, what is 20708460 - -1?
20708461
In base 6, what is -1051450 - -425?
-1051021
In base 15, what is 2e908 - 187?
2e771
In base 15, what is -58597 - -3a3?
-581e4
In base 2, what is 111110 - -10000011111010111?
10000100000010101
In base 10, what is -41 - -234751?
234710
In base 14, what is -102 - 30db9?
-310bb
In base 11, what is 97a7018 + 3a?
97a7057
In base 8, what is -4632644020 - -4?
-4632644014
In base 8, what is 1631465 - -5?
1631472
In base 7, what is 0 - 345016546?
